(base 12) to base 7
-611266
What is -211201100212 (base 3) in base 2?
-1101101001010100111
What is 16336636 (base 7) in base 13?
4385c8
What is -875137 (base 9) in base 2?
-1111111011101011111
2483736 (base 10) to base 11
1447082
Convert 353513402 (base 6) to base 16.
65014a
What is -575788 (base 12) in base 5?
-324232224
Convert -1011000010000101001100 (base 2) to base 8.
-13020514
What is -102213031 (base 4) in base 10?
-76237
1032240 (base 9) to base 16
86f4c
Convert -169b2 (base 16) to base 3.
-11201000102
Convert 80573 (base 10) to base 8.
235275
Convert 5774636 (base 9) to base 4.
23321230212
What is 4330982 (base 10) in base 16?
4215e6
6cc8d (base 15) to base 2
1010100101111001011
What is -121010231 (base 4) in base 16?
-1912d
Convert -250c76 (base 14) to base 16.
-1361a8
-17992 (base 10) to base 3
-220200101
Convert 3e9a0b (base 16) to base 14.
78b1d9
-56798c (base 15) to base 12
-146bb73
What is 1026033 (base 7) in base 16?
1e675
Convert -1010000101111100010000 (base 2) to base 13.
-718363
Convert 10343031 (base 8) to base 6.
115235121
Convert -5253031 (base 6) to base 8.
-763753
-a61b1 (base 12) to base 7
-1565404
What is 213645 (base 10) in base 16?
3428d
Convert -4050b (base 13) to base 9.
-184788
What is -1b5c470 (base 13) in base 5?
-4311042333
Convert 11202224 (base 5) to base 8.
303732
-2021522 (base 6) to base 11
-663a9
Convert b39818 (base 12) to base 7.
32636105
What is -1222244210 (base 5) in base 12?
-b94350
What is 24031233 (base 5) in base 3?
102012220110
What is -75e02 (base 16) in base 12?
-1b34aa
Convert 64032 (base 11) to base 10.
93205
19294a (base 15) to base 3
2022011210121
Convert -11027202 (base 8) to base 2.
-1001000010111010000010
What is 1841aaa (base 11) in base 12?
10662b6
-7750864 (base 9) to base 4
-33321110131
Convert 22003 (base 7) to base 5.
133431
What is 330310121 (base 5) in base 8?
5316136
6a7b (base 16) to base 11
19531
2646d (base 15) to base 4
131322013
Convert 10020122212212 (base 3) to base 13.
4854a7
1000110111110010101101 (base 2) to base 6
121503005
What is 3459211 (base 10) in base 9?
6452127
What is 3320311210 (base 4) in base 5?
230103421
Convert 571651 (base 10) to base 9.
1061137
What is -1a5918 (base 11) in base 13?
-b0630
3671b4 (base 12) to base 15
126aad
Convert 271355 (base 10) to base 9.
453205
-73664c (base 14) to base 15
-51ed34
Convert 22011104 (base 5) to base 4.
231331313
What is 6968152 (base 10) in base 15?
929987
10223123021 (base 4) to base 15
1935cb
Convert 611182 (base 9) to base 16.
5850b
-587a96 (base 11) to base 3
-1202101212010
51377 (base 8) to base 13
9895
What is db20b (base 15) in base 5?
134230321
-43111421 (base 6) to base 2
-100110101110110100101
What is 240740 (base 13) in base 11?
53674a
What is -8118c1 (base 13) in base 3?
-12122112210211
126578a (base 11) to base 6
114530433
-11001110000001000 (base 2) to base 8
-316010
4434672 (base 9) to base 5
1102310420
What is 13124861 (base 9) in base 7?
105564436
-233565 (base 9) to base 11
-96566
Convert -121102011102 (base 3) to base 12.
-136b62
-4b144b (base 13) to base 16
-1b8027
22211001000200 (base 3) to base 16
477df5
Convert 1471207 (base 8) to base 16.
67287
-10110111110101000011100 (base 2) to base 11
-3444779
73617614 (base 8) to base 4
323301332030
Convert -b5321b (base 12) to base 9.
-5317375
-bb7206 (base 13) to base 7
-52343101
Convert 9daa1 (base 14) to base 2.
1011101101000011101
Convert 661822 (base 13) to base 15.
326da1
103299 (base 13) to base 10
378348
-13240133 (base 5) to base 15
-29998
2d8ac (base 14) to base 7
654005
Convert -13201024 (base 6) to base 3.
-211010122121
What is -41221 (base 12) in base 14?
-22d85
-90b23 (base 13) to base 16
-3f379
424451 (base 7) to base 10
73634
-b7c6a (base 16) to base 15
-ed081
Convert -110043321 (base 5) to base 4.
-1303022133
Convert -1121023233 (base 4) to base 7.
-3051000
What is 100210210211200 (base 3) in base 4?
103320201021
What is -130315254 (base 6) in base 14?
-4a37c6
8a8071 (base 12) to base 2
1000011100000001010101
Convert -15300101 (base 6) to base 3.
-1000021001101
-5490a3 (base 12) to base 13
-380259
10003123 (base 4) to base 7
66256
Convert 612331 (base 9) to base 11.
228462
What is 280812 (base 9) in base 7?
1312154
What is 503920 (base 16) in base 15?
6dcba4
20830 (base 15) to base 12
4b7b3
Convert e4a06f (base 16) to base 7.
241233013
What is 52535312 (base 6) in base 8?
5671674
411145135 (base 6) to base 7
114000425
Convert -100100001100010110100 (base 2) to base 7.
-13036434
Convert 5240616 (base 8) to base 6.
45505130
-13627 (base 15) to base 5
-3442022
200772 (base 8) to base 9
110530
What is -5a7647 (base 11) in base 7?
-11113651
68344 (base 9) to base 2
1011000110101001
What is 99965 (base 11) in base 4?
203120030
What is -5cb0d (base 14) in base 10?
-227177
Convert -898569 (base 13) to base 3.
-20002220112120
Convert 215cf (base 16) to base 10.
136655
What is -3695470 (base 10) in base 4?
-32012031232
What is 21122311012 (base 4) in base 5?
1113003230
What is 348034 (base 9) in base 13?
74326
23422 (base 11) to base 12
17673
-142307 (base 8) to base 3
-2120002202
-22aa900 (base 13) to base 7
-156664542
Convert 444552500 (base 6) to base 14.
1101380
-1dcb6a (base 14) to base 3
-2000111001220
Convert 33031300112 (base 4) to base 14.
75b770
Convert 23c8984 (base 13) to base 14.
1699cb8
What is -21121102122 (base 3) in base 16?
-248ff
What is -110011110011001001 (base 2) in base 16?
-33cc9
18efe (base 16) to base 7
603535
-47de (base 15) to base 10
-15284
Convert 3a8898 (base 12) to base 16.
ec8f4
295714 (base 14) to base 2
101011110101101010110
What is -142ab3 (base 12) in base 4?
-1102032213
Convert -29033 (base 10) to base 4.
-13011221
What is 1c710 (base 13) in base 7?
322422
Convert 21624601 (base 8) to base 2.
10001110010100110000001
What is 12de97 (base 16) in base 3?
2022211100011
What is -2659b (base 13) in base 8?
-213155
What is -1013133311 (base 4) in base 9?
-485642
-8586351 (base 9) to base 5
-2134311144
What is 61132166 (base 7) in base 8?
23311064
Convert -26504541 (base 8) to base 9.
-12143086
What is -b351 (base 15) in base 12?
-19b04
What is -3787a4 (base 11) in base 16?
-91d01
What is -10011110101010110111100 (base 2) in base 11?
-2a3133a
Convert -30903 (base 13) to base 7.
-512151
What is -4014554 (base 6) in base 4?
-232021012
What is 3e36b (base 15) in base 6?
4141245
Convert 2112010022002 (base 3) to base 8.
5072661
Convert -104205 (base 10) to base 15.
-20d20
Convert -1111011110010001000111 (base 2) to base 8.
-17362107
Convert c184 (base 15) to base 11.
28766
What is 1a2614 (base 11) in base 3?
120210102111
What is -10403303 (base 5) in base 16?
-163c6
Convert -12012121122001 (base 3) to base 8.
-12435600
What is -70242a (base 12) in base 7?
-20561026
What is 42834 (base 11) in base 4?
33030113
-22220001221112 (base 3) to base 9
-8801845
-9d9854 (base 16) to base 9
-21381500
Convert -94a476 (base 16) to base 8.
-45122166
Convert 19c03d (base 14) to base 12.
3824b3
Convert -215c98c (base 13) to base 15.
-d65e47
What is 13aa6b (base 12) in base 5?
41023333
-100010111011010011001 (base 2) to base 7
-12504441
Convert -11202021112001 (base 3) to base 4.
-21220123222
What is -113300233 (base 5) in base 2?
-10000000001100001100
3053233 (base 6) to base 7
1152060
-16ccf (base 16) to base 2
-10110110011001111
-21203230 (base 5) to base 7
-1342412
What is -98c0d (base 16) in base 10?
-625677
Convert 1213322232 (base 4) to base 12.
1863a6
-120231232 (base 4) to base 5
-11214410
1268374 (base 9) to base 3
1022022102111
Convert -727472 (base 8) to base 13.
-85ba4
Convert -130111026 (base 7) to base 4.
-133133120121
Convert -6eb445 (base 16) to base 7.
-115444631
What is 41aec (base 16) in base 5?
32102121
What is 857c4 (base 16) in base 15?
ac006
34bc1 (base 13) to base 9
156317
Convert -38608 (base 16) to base 10.
-230920
-cd099c (base 14) to base 13
-1596a03
What is -aab7aa (base 13) in base 5?
-2012232110
Convert 1583052 (base 9) to base 3.
1122210001202
Convert -79d43b (base 15) to base 6.
-324354145
14b09a (base 13) to base 5
112303311
What is 20211022101 (base 3) in base 8?
406332
Convert -3102302123 (base 4) to base 15.
-120c42
2566578 (base 9) to base 6
50020155
What is -22221121020221 (base 3) in base 15?